0 - -1877. Is y a prime number?
False
Let c(x) = -5*x**3 + 30*x**2 + 8*x + 79. Is c(-16) a composite number?
False
Suppose -47*w = -50*w + 3*s + 92160, -122885 = -4*w + 5*s. Is w a prime number?
False
Let m = -1814 + 8059. Is m a prime number?
False
Let l = -13 - -92. Let s be 200/(-52) - 6/39. Let p = l - s. Is p composite?
False
Suppose 0 = -0*t - 4*t - 8, -4*k - 5*t = -2. Suppose 2*a - a = 5*z + 630, a = 4*z + 632. Suppose l + f = 126, k*l = -2*l + 5*f + a. Is l a composite number?
False
Suppose 2*c - 24740 = 6102. Is c a prime number?
False
Let i = 2133 - -2588. Is i a composite number?
False
Let d = -22175 + 40954. Is d prime?
False
Is 6/(-15) + (-18986736)/(-240) a prime number?
True
Is 766/4*(-17 - -23) - 4 prime?
False
Let h = 482 - -1041. Is h composite?
False
Is 10/4 + 94866/4 composite?
False
Let k be 1*((-2)/(-2) - -2). Suppose 0*n + k*n = 2325. Suppose -2*i + 2*j + 389 + 131 = 0, -3*i + n = 2*j. Is i a prime number?
False
Suppose 2*b = 54 + 270. Let y(n) = -n**3 - 4*n**2 + 5*n - 1. Let i be y(4). Let q = b + i. Is q composite?
False
Let m(s) = s**3 - s**2 + s. Let p(g) = 5*g**3 - 11*g**2 + 3*g + 2. Let z(l) = 4*m(l) - p(l). Is z(5) composite?
False
Let v = 27247 - 12276. Is v composite?
True
Let r(t) = 57*t**2 + 12*t + 24. Is r(7) composite?
True
Let f(t) = -130*t + 12. Let w be f(2). Let h = -157 - w. Is h composite?
True
Is 4 - 18/5 - (-2453)/5 a composite number?
False
Let u(t) = -t - 1. Let f be u(-3). Let m be 145/(-7) + f/(-7). Let r = 36 - m. Is r prime?
False
Let x(s) = -s**3 - 7*s**2 + 9*s + 9. Let q = 9 - 17. Let a be x(q). Is (-5 - (-4 + a)) + 213 a composite number?
False
Let r(h) = h**3 + 18*h**2 - 25*h - 5. Let b be 0/(5/(-1)) - (2 + 17). Is r(b) composite?
False
Let y = 175 + 116. Suppose y = 2*g - 5*c, -5*g - 4*c + 0*c + 810 = 0. Is g composite?
True
Let q(l) = 177*l - 5. Suppose -2*h + 23 = 15. Is q(h) a prime number?
False
Let d(u) = u**3 + 9*u**2 + 8*u. Let v be d(-8). Is 2153/(-2 + 3 + v) a composite number?
False
Is 82/(2400/(-402) - -6) composite?
True
Let c(w) = w**3 + 6*w**2 - 2*w - 7. Let y be c(-6). Let l(j) be the second derivative of 2*j**4/3 - j**3/2 - 2*j**2 - 15*j. Is l(y) composite?
False
Let n be (-7981)/(-9) - (-4)/18. Suppose 4*q = -2*x - q + 1774, x + 5*q = n. Is x composite?
False
Let h = -176 + 86. Let i = -102 + h. Let u = i - -521. Is u prime?
False
Suppose -2*o = -3*u - 0 - 1, -4 = -o + 5*u. Let n(z) = -z**2 - 3*z - 1. Let v be n(-6). Is o*3 + v + 559 a composite number?
True
Let m(k) = 3*k**2 + 6*k + 5. Let u = 20 + -28. Is m(u) prime?
True
Suppose -14*a = 2*h - 15*a - 43911, 0 = 2*h + 3*a - 43931. Is h a prime number?
False
Let t(r) = r**2. Let j be t(-2). Suppose j*h - 380 + 48 = 0. Is h composite?
False
Let u(h) = -6 + 7*h + 0 - 4*h**2 - 5*h + 2 + h**3. Suppose 13 = r - 3*d + d, 4*r - 4 = -4*d. Is u(r) composite?
False
Let m = 1319 + -819. Suppose 0 = 5*n - m + 75. Is n composite?
True
Let q = -199 - -888. Is q a prime number?
False
Suppose 4*x + 23 = 47. Let w(c) = 393*c - 1. Is w(x) prime?
True
Let r(k) = 8*k**3 + k**2 + 3*k + 3. Let g be r(-2). Let t = g - -142. Is t prime?
True
Let x(w) = -w**3 + 16*w**2 + 24*w + 19. Suppose -h = -3*d - 8, -4*h + 4*d + 47 + 9 = 0. Let g be x(h). Let c = g - -308. Is c prime?
False
Suppose 2*l - 13570 = -3*y, -y = -2*y + 4. Is l prime?
True
Suppose -411 = 2*u - 6*u - 3*b, -5*u + 5*b = -505. Let l = 121 + u. Is l prime?
True
Let y(f) be the second derivative of 13*f**3/3 + 15*f**2/2 + 8*f. Let i be y(11). Suppose 40 = -3*l + i. Is l composite?
True
Suppose -69 = 3*g + 21. Let j(x) = 22*x**3 + 2*x**2 - 1. Let c be j(-1). Let o = c - g. Is o composite?
True
Let i(k) = 3*k**2 - 31*k + 51. Let j be i(22). Is (j/1)/(1/(-14)*-2) composite?
True
Suppose 3 - 8 = -5*t. Let b be 3*t*(-20)/(-15). Suppose b*u - 2*w = w + 254, -w + 2 = 0. Is u prime?
False
Let q = 1518 - -9323. Is q prime?
False
Let s = 78 + -64. Let i(z) = 37*z + 23. Is i(s) a composite number?
False
Suppose 11*g + 6*g - 7*g = 0. Suppose -5*l + 0*l + 3*p + 6443 = g, 0 = l - p - 1287. Is l composite?
False
Suppose -4*y - a = 3*a + 22580, -4*y + 5*a - 22589 = 0. Let n = y + 8235. Is n a prime number?
False
Suppose -16 - 9 = 5*y, -2*y - 124 = -3*g. Suppose f = 3*f - g. Suppose f = -4*d + 7, -a = 4*d - 189. Is a a composite number?
True
Suppose 4*i + 85937 = 3*u, 0 = u - 7*i + 10*i - 28637. Is u a composite number?
False
Let m be (-6)/(0 - (-2)/21). Let k = 286 - 192. Let j = k + m. Is j composite?
False
Let s(y) = -y**3 + 6*y**2 + y + 2. Let q be s(7). Let f be q/(-3) + 3/(-9). Suppose f = k - 116. Is k a composite number?
True
Suppose -3*f - y = 9918, 12862 = -5*f + 2*y - 3668. Is ((-1)/2)/(19/f) a composite number?
True
Suppose -4*w + 15 = w. Suppose -4197 = w*l - 6*l. Is l prime?
True
Let f(z) be the second derivative of -50*z**3/3 - 7*z**2/2 + 13*z. Is f(-4) a composite number?
True
Suppose -67 = -6*n + 113. Suppose o + 4 = n. Is o a prime number?
False
Suppose -8*r + 636 = -6268. Is r prime?
True
Let c = 84 - -30. Suppose o - c = -4*b, 4*b = -2*o - b + 213. Is o a prime number?
False
Let f(j) = -j**2 - j - 4. Let v be f(3). Let h = v + 21. Let w(x) = 6*x**3 + 6*x**2 - 2*x - 3. Is w(h) prime?
True
Let i = 77 + -79. Is (-1)/(i + 389/195) + -4 a composite number?
False
Suppose 22*q - 93873 = -17*q. Is q prime?
False
Suppose 21 = 3*a + 3*v, -3*a - 5*v = -22 - 9. Suppose -x + 2*g + 54 = -2*g, a*x - 58 = -2*g. Is x prime?
False
Let d = 4411 - -1512. Is d a composite number?
False
Let x(f) = -4*f - 7. Let p(k) = k. Let d(n) = 5*p(n) + x(n). Let h be d(0). Is 1 - -1 - 833/h a prime number?
False
Suppose 0*o + 5*o = -5*s + 40, 3*o = s + 8. Let t be (-2 - -2 - s) + 1. Let p = 206 + t. Is p a composite number?
True
Let k(i) = -28*i + 13. Suppose -2*z = -3*g + 12 + 2, 5*z - 3*g + 44 = 0. Is k(z) a composite number?
False
Suppose -35157 = -5*l + 8*d - 7*d, l + 5*d - 7021 = 0. Is l prime?
False
Suppose 0 = -y + d + 1087, -2*y + 564 + 1614 = 2*d. Suppose -y = -6*p - 110. Is p prime?
True
Suppose 5 - 19 = -3*c + 4*p, 0 = -c - 3*p - 4. Let v = 239 - 236. Suppose 26 + 1 = c*d + 5*x, d = -v*x + 14. Is d prime?
True
Let n = -21500 + 32398. Is n a composite number?
True
Suppose 3 = 3*i, 5*i + 135 = -5*q - 0*i. Is 1554/8 + 7/q prime?
False
Let h = 10 + -9. Is h*(704 + -4 + 1) a composite number?
False
Let z = 24 - 24. Suppose -3*f + 2*i + 3582 - 235 = 0, 5*f - 3*i - 5580 = z. Suppose -2*v = 5*g - f, -4*g = 3*v - 0*v - 1675. Is v prime?
True
Let z be (6/(-10))/((-3)/30). Let n be (z/2)/((-21)/14). Is 2*n/(-8)*118 composite?
False
Let c(i) = -i**2 + i + 14. Let f be c(4). Suppose 2*x + f - 4 = 0, 2*p = x + 1225. Is p a composite number?
False
Let t(x) = -12 - 839*x + 3 + 441*x. Is t(-7) a prime number?
True
Suppose -2*n - 10 = b - 4*b, 0 = 5*n + 25. Suppose 2*w - 4 - 6 = b. Suppose -7*r + w*r + 238 = 0. Is r a prime number?
False
Let t = -33 - -37. Is ((-23)/(-3))/(t/132) composite?
True
Suppose p = -0*p + 3627. Suppose -4*q - 5*q = -p. Is q prime?
False
Let b(g) = -52*g - 21. Let i = 14 + -19. Is b(i) a prime number?
True
Suppose g - 12 - 22 = 4*a, 0 = 4*g - a - 136. Is g composite?
True
Let r(c) = -2*c**3 - 12*c**2 + 20*c + 43. Is r(-15) a prime number?
True
Let p = -17 - -11. Let r be (6 - 20)/((-4)/p). Let f = r - -88. Is f prime?
True
Suppose 830 = -2*i - 572. Let v = -6 + 66. Let k = v - i. Is k a prime number?
True
Let u = 15514 - 7535. Is u composite?
True
Let a(y) = 31*y**3 + 5*y**2 + 27*y + 58. Is a(15) composite?
False
Let m = 240 - 168. Let d = 365 - m. Is d a composite number?
False
Suppose 2*q = 0, 4*q - q + 4 = z. Let i be (-6)/z*2/3. Is (3 - 1) + i + 76 a prime number?
False
Suppose 6*i + 3 = -9. Let s be ((-32)/(-28))/(i/(-7)). Suppose -2*a - 2352 = -s*l - a, 3*l - 1749 = -3*a. Is l a composite number?
False
Let g = -1137 - -1731. Suppose -6*n + g + 180 = 0. Is n prime?
False
Suppose -g - 5*a = -6, -a = -2*g + a. Is 1273 - (-8 + g + 3) prime?
True
Let k(x) = 1071*x**3 - x**2 + 1. Let u be k(1). Is -2 + -3 + u - -1 a composite number?
True
Let y = -417 - -11448. Is y composite?
True
Let m(k) = 5663*k - 4. Is m(13) composite?
True
Suppose 0 = -4*d + 16, 3*d + 12 = 4*y + 4*d. Let n = 2 - y. Suppose -3 - 1 = k, -5*m - k + 3401 = n. Is m composite?
True
Let f(q) = 13*q**2 + 30*q + 966. Is f(61) prime?